71
In base 2, what is -110011111010000111101101000 + -100?
-110011111010000111101101100
In base 16, what is -e7 + -2c1b8?
-2c29f
In base 11, what is -10a448 - -259?
-10a19a
In base 5, what is -2100430 + 120?
-2100310
In base 15, what is 256 + -4a285?
-4a02e
In base 15, what is 849688 - -1?
849689
In base 7, what is 316 + 240660?
241306
In base 10, what is 22409 - 129?
22280
In base 2, what is 110010010111111110 - 101110?
110010010111010000
In base 15, what is 94 + -28d4d1?
-28d43c
In base 16, what is 5251 + -c7?
518a
In base 4, what is 203022220 + -13?
203022201
In base 9, what is -1356045 + 36?
-1356008
In base 5, what is 31310 - -11434240?
12021100
In base 6, what is 14 - 1043025552?
-1043025534
In base 8, what is -12505143 - 21?
-12505164
In base 7, what is 1 - -4125114531?
4125114532
In base 8, what is -25771716 + 12?
-25771704
In base 11, what is 156581 + 5a?
156630
In base 15, what is -45a - e17?
-1372
In base 7, what is -10302653 + -2?
-10302655
In base 9, what is -8237 - 32821?
-42158
In base 14, what is 193 - 4053db?
-405248
In base 9, what is -10304417 - 4?
-10304422
In base 10, what is -20 + 24176?
24156
In base 5, what is 130 + 311111?
311241
In base 11, what is -282252 + 31?
-282221
In base 9, what is -1612 - -142368?
140656
In base 12, what is -1736b0 - 925?
-174415
In base 7, what is 426030 + -105?
425622
In base 13, what is -45 + -2b226a?
-2b22b2
In base 7, what is -1533 + 314344?
312511
In base 5, what is -2101243220 + 3?
-2101243212
In base 2, what is 101000110 + 10110010101101?
10110111110011
In base 10, what is -2479856 + 4?
-2479852
In base 10, what is -5 + -28560056?
-28560061
In base 16, what is 10c + -9260?
-9154
In base 7, what is 36521020 - -21?
36521041
In base 11, what is -5868a021 - -7?
-5868a015
In base 8, what is 0 - -1046455630?
1046455630
In base 11, what is 1 + -33855423?
-33855422
In base 6, what is 232234 - -23501?
300135
In base 16, what is 13 - -1fd59e?
1fd5b1
In base 5, what is 11 + -31333200023?
-31333200012
In base 13, what is -a733a + 11?
-a7329
In base 4, what is 3320 - 3011212?
-3001232
In base 15, what is -1 - 165d926?
-165d927
In base 3, what is 11210000122 - -1021?
11210001220
In base 5, what is -1242200240 + 4?
-1242200231
In base 2, what is 0 - -11111101001000111010101?
11111101001000111010101
In base 9, what is -8 - 27447528?
-27447537
In base 10, what is -105719 - -72?
-105647
In base 6, what is -122144222 - 12?
-122144234
In base 9, what is -2863 + -2023?
-4886
In base 10, what is -5 - -135584971?
135584966
In base 8, what is 17526276 + -15?
17526261
In base 6, what is -102055530 - -424?
-102055102
In base 4, what is -322 + -10002011?
-10002333
In base 5, what is 1142312240142 + 4?
1142312240201
In base 6, what is -2155551431 - 2?
-2155551433
In base 8, what is 7 - 1607226?
-1607217
In base 3, what is 21111010011100010 - -10?
21111010011100020
In base 13, what is 1545 - -1666?
2bab
In base 5, what is -3 + -13203044420?
-13203044423
In base 8, what is 4212767 + -103?
4212664
In base 15, what is 225b6 - 4e4?
220c2
In base 14, what is 7 + 26aa0cb?
26aa0d4
In base 4, what is 2002 + 1122122102?
1122130110
In base 6, what is 30151134521 + 2?
30151134523
In base 5, what is -3011 + 4113222?
4110211
In base 12, what is 2781 - 19?
2764
In base 15, what is -2081d - 15?
-20833
In base 5, what is -120 + 4430141311?
4430141141
In base 8, what is 20067532 - 5?
20067525
In base 4, what is -2 + -30301200210103?
-30301200210111
In base 11, what is -13 - -762a65?
762a52
In base 3, what is -10021 - -2122111122021?
2122111112000
In base 7, what is -13023 - -263433?
250410
In base 13, what is -2 + -1c39c33?
-1c39c35
In base 4, what is 2 - 3332220023111?
-3332220023103
In base 15, what is -2c1 + 50e10?
50b3e
In base 7, what is -12654054 + -1205?
-12655262
In base 10, what is -8 - 9823454?
-9823462
In base 2, what is -101110100111010010001001 - -10?
-101110100111010010000111
In base 12, what is -28445 - -6a5?
-27960
In base 3, what is -2 + 11001210021112?
11001210021110
In base 9, what is -13035546 + -1?
-13035547
In base 5, what is 301244 + -10202?
241042
In base 3, what is -1112110 - 202010201?
-210200011
In base 7, what is -222 + 2631154?
2630632
In base 6, what is -2 + -40552222?
-40552224
In base 14, what is 1 + 42aa652?
42aa653
In base 4, what is 20103322122 + 1?
20103322123
In base 7, what is -253 + 22066?
21513
In base 13, what is -19c + -233a2?
-23571
In base 11, what is 1535310 + -3?
1535308
In base 7, what is 152 + -25530554?
-25530402
In base 3, what is -1220211 - -1002112112120?
1002110121202
In base 9, what is -444502 - 864?
-445466
In base 6, what is 3 + -14242433151?
-14242433144
In base 10, what is 1 + -313647578?
-313647577
In base 12, what is 5 + 12227461?
12227466
In base 14, what is aa + -875b7?
-8750b
In base 11, what is -170989730 + 2?
-170989729
In base 2, what is -1 + -10011101010101011001?
-10011101010101011010
In base 2, what is -100111001000010101100111000 - -11?
-100111001000010101100110101
In base 5, what is -12123 + -14312011?
-14324134
In base 8, what is 51513021 + -2?
51513017
In base 15, what is 93c67a3 - -4?
93c67a7
In base 3, what is 2 - -2100011002?
2100011011
In base 12, what is -2 + -31b3a33?
-31b3a35
In base 14, what is -3db84 + -40?
-3dbc4
In base 5, what is -42341004312 - 4?
-42341004321
In base 10, what is 3076551 + 10?
3076561
In base 8, what is -401 - -236173?
235572
In base 14, what is 13729 - c49?
128c0
In base 3, what is 20121 + 2012021000?
2012111121
In base 12, what is 1 - -63488?
63489
In base 11, what is -22874 + 1715?
-2115a
In base 11, what is -100782 + 28a?
-1004a3
In base 11, what is 42853305 + 5?
4285330a
In base 15, what is 0 + 3069b1?
3069b1
In base 11, what is -162 + -6569?
-6720
In base 14, what is -4546c7 + c?
-4546b9
In base 3, what is 101221122021101 + -222?
101221122020102
In base 4, what is 21010022120 - 32?
21010022022
In base 8, what is -17 - 13231355?
-13231374
In base 12, what is a08a1a28 + -2?
a08a1a26
In base 3, what is -20 + -2212022020210?
-2212022021000
In base 5, what is -4 + 40233122141?
40233122132
In base 3, what is 11001121101012220 + 22?
11001121101020012
In base 2, what is -101101010011010001 - -1110?
-101101010011000011
In base 3, what is -22201 - 10212001011?
-10212100212
In base 7, what is -1 - -2005326401?
2005326400
In base 2, what is -1111000 + -10001011001010011?
-10001011011001011
In base 12, what is -47 + 215a78?
215a31
In base 5, what is 130200 - -3420410?
4101110
In base 5, what is 11 - 1144020412?
-1144020401
In base 11, what is -10 + -285a595?
-285a5a5
In base 13, what is 55c76 - 5c?
55c17
In base 10, what is 1638345 - 7?
1638338
In base 8, what is -24 - -100051?
100025
In base 11, what is -70 - 1a20?
-1a90
In base 2, what is -100110010110101100001111 - -10?
-100110010110101100001101
In base 5, what is -123004 + 444243?
321234
In base 7, what is -10 + 1240156?
1240146
In base 12, what is -7176428a - 5?
-71764293
In base 7, what is 3432205 - -2?
3432210
In base 13, what is 89914 - 55?
8988c
In base 9, what is -67 - -114162?
114084
In base 8, what is 1576735 + 5?
1576742
In base 16, what is 37af8c - 3?
37af89
In base 2, what is -11 - -100110110001100111111011?
100110110001100111111000
In base 14, what is -631b096 + 4?
-631b092
In base 13, what is -3c7 + 6135?
5a3b
In base 4, what is 1322331003 + -3330?
1322321013
In base 14, what is -10a - 1d2a36?
-1d2b42
In base 15, what is -5 - -2ceba6?
2ceba1
In base 5, what is -102420400422 - 3?
-102420400430
In base 12, what is 2 - 2119292?
-2119290
In base 9, what is 5 + 48164005?
48164011
In base 9, what is 134888343 + 11?
134888354
In base 15, what is -a1 + 3a39c?
3a2eb
In base 10, what is 46190 - 467?
45723
In base 6, what is 1053422024 - -3?
1053422031
In base 4, what is 10120303030 + 100?
10120303130
In base 7, what is 3 - -1316350142?
1316350145
In base 15, what is -1ce49c7 + 2?
-1ce49c5
In base 4, what is -10 - 1002030301310?
-1002030301320
In base 5, what is 10320233 - 130?
10320103
In base 3, what is 1000022211 - -2022?
1000102010
In base 9, what is 562608 + -3282?
558316
In base 15, what is -3569d + -7?
-356a5
In base 2, what is -100 - 1110100111110011101011010?
-1110100111110011101011110
In base 7, what is -333 - -2350161?
2346525
In base 6, what is 3 - -313533545?
3135